 (-22)/(-6). Is g(k) a composite number?
False
Let q(v) = v**3 - 9*v**2 + 8*v - 4. Let b be q(8). Let s = 6 + b. Suppose 88 = s*k + 2*k. Is k prime?
False
Let j(k) be the first derivative of k**3/3 + 3*k**2/2 + 4*k - 2. Is j(6) a prime number?
False
Let k(t) be the first derivative of t**3/3 - t**2/2 - 1. Let f be k(2). Is (2/(-3))/(f/(-39)) a prime number?
True
Suppose 3*f = f. Suppose f = q + 2*q - 33. Suppose 2*x + q = 117. Is x a composite number?
False
Suppose 2*c - 744 = -2*c. Suppose -5*s + 3*s = -414. Suppose 0 = 3*l - c - s. Is l prime?
True
Let o(l) = -l**3 + 2*l**2 - l. Let x be o(1). Suppose 3*j - 3*m - 29 - 10 = 0, -4*j - 3*m + 17 = x. Is j/(-44) + (-774)/(-22) composite?
True
Suppose -3*l - 5 + 17 = 0. Suppose -94 = -3*u - 2*g, -5 + 149 = l*u - 2*g. Is u composite?
True
Is (-4)/(-1 + (-44)/(-52)) composite?
True
Suppose -3*f - 2*f = 15. Is ((-1)/f)/(2/942) composite?
False
Let z(b) = -b**2 + 5*b + 2. Let g be z(4). Suppose -5*v = 5*l - 180, -162 = -11*l + g*l + v. Is l prime?
False
Suppose 2*r - 9 = -r. Suppose -2*a = -3*l - 7, -a - r*l = -0*a + 1. Is ((-31)/a)/(2/(-4)) a composite number?
False
Let w(t) = 5*t - 1. Let u be w(3). Suppose -v + 13 = -u. Suppose 3 = 5*h - v. Is h a composite number?
True
Let c(v) = 4*v**3 - 6*v**2 - 3*v - 4. Is c(5) a prime number?
True
Suppose -c + 39 = -32. Suppose -p = -c - 40. Is p composite?
True
Let i = 529 + -198. Is i a composite number?
False
Let i(u) = 28*u + 7. Is i(7) composite?
True
Let f = -17 + 76. Is f a prime number?
True
Let u(y) = -6*y**3 + 2*y**2 - y - 2. Let a be u(3). Is 1/(-1 + (-150)/a) a composite number?
False
Let b(y) = 11*y + 0*y - 3*y + 3*y. Is b(1) a composite number?
False
Let y be -20*(-1 - 45/(-6)). Let n = y - -184. Suppose 3*j + 2*r - n = -j, 3*r = 2*j - 23. Is j composite?
False
Let v = -895 + 1518. Is v a composite number?
True
Let l(d) be the third derivative of d**4/24 + 5*d**3/6 - d**2. Let p be l(-7). Is (5/p)/(1/(-26)) prime?
False
Let m = 1467 - 650. Is m a prime number?
False
Let d be (-10)/45 + (-76)/(-18). Suppose -d*n - 8 = 0, -2*s + 197 = 3*s - n. Suppose 126 + s = 3*g. Is g a prime number?
False
Let t = 1 - 3. Is -2 + 15 + 0/t prime?
True
Suppose -s + 633 = -2*h, -5*s + 4426 - 1261 = 3*h. Is s composite?
True
Suppose -6*b + 3629 = -1855. Is b a composite number?
True
Let r(c) = -c**3 - c + 3. Let y be r(0). Suppose -10 = -7*j + 2*j. Suppose -j*n - y*v = 3, 2*v + 15 = -3*v. Is n composite?
False
Let i = 24 + -21. Let s(b) = 44*b**2 - b + 2. Is s(i) a composite number?
True
Let l(o) = -56*o**3 + 2*o + 1. Suppose -f = 2*f - r - 2, -5*r = f + 26. Is l(f) composite?
True
Suppose 2*i - 7580 + 1053 = -3*t, -3*t - 3*i + 6522 = 0. Is t prime?
True
Suppose -232 - 1702 = -2*s. Is s composite?
False
Suppose 2*x - 345 = 917. Is x a prime number?
True
Let r be 2/(-6) + (-32)/(-6). Suppose -16 = l - r*d - 44, -4*l + 3*d + 27 = 0. Is (1/l)/((-2)/(-282)) composite?
False
Let r(b) = -b**3 + 4*b**2 + 5*b + 3. Let k be r(5). Suppose 2*p + k*f - 419 = 0, 5*f = -4 - 1. Is p composite?
False
Suppose -2257 = -l + 4*p, 3*l + 0*l - 2*p = 6721. Is l a prime number?
True
Is (-16 - 3)/(-2*1/6) a composite number?
True
Suppose 4*k + k = 235. Suppose 0 = -l + 3, -3*u + k = 3*l - 28. Is u a composite number?
True
Suppose -5*f + 6544 + 9781 = 0. Is f a prime number?
False
Suppose 2*i = -0*i + 150. Let b(l) = 150*l - i*l + 1 + 85*l. Is b(1) a prime number?
False
Let x be 1/(1/(-12)*-3). Suppose 596 = x*v - 1344. Is v a prime number?
False
Let t(d) = 3*d**3 + 2*d**2 + d - 1. Suppose 0 = 3*s - 5*s - 3*k + 2, 0 = s - 3*k - 19. Suppose -5*v = 5*g - 4*v - s, g + 1 = -v. Is t(g) a prime number?
False
Let w(b) = 3*b**3 - b**2 + 1. Let c be w(1). Suppose -u = -c*h + 222, -4*h - h - 2*u = -370. Is h a composite number?
True
Let s = -6 - -8. Let i = -7 + 11. Suppose s*n + 2*n = i*f - 208, 3*f = n + 150. Is f prime?
False
Suppose -21 = 3*l - 6*l. Let i = l + 3. Is i prime?
False
Suppose 5*k + 959 = 3*v, -5*v + k + 1613 = -0*v. Is v composite?
True
Let l = 99 + -64. Is l composite?
True
Let z(q) = 84*q - 5. Is z(4) prime?
True
Suppose -5*w - 10 = 90. Let f be 2/10 + (-56)/w. Let t = f + 7. Is t composite?
True
Let p(d) = -d**2 + 10*d - 9. Let k = 1 + -1. Let m = k - -6. Is p(m) a prime number?
False
Let f be (-78)/10 + (-7)/35. Is -2*(-2)/f*-22 a prime number?
True
Let q(n) = 10*n**2 - 5*n - 4. Is q(7) composite?
True
Suppose -3*k - 5*d + 291 = 0, 4*k - 4*d - 388 = -0*d. Let a = k + -42. Is a a prime number?
False
Let m be (-2)/(2 - (-1 - -1)). Let v = -5 + m. Is (-107)/(-4) + v/8 a composite number?
True
Let j = 10 + 1. Is j a prime number?
True
Suppose -4 = -3*h - 4*z, -5*h - z - z - 12 = 0. Let y = h - -11. Is (7 + -1)*y/2 a prime number?
False
Let f(z) = 5 - 61*z**2 + z - 3*z + 73*z**2. Is f(-3) a composite number?
True
Let s(m) = 156*m + 1. Let d(n) = -n**3 + 3*n**2 + n - 2. Let i be d(3). Is s(i) prime?
True
Suppose 5*d = -4*s + 27, 5*d = -2*s + 12 + 9. Suppose -4*j = -2*j + d*t - 24, -35 = -5*j + 5*t. Is j a prime number?
False
Is 3/2 - (-20655)/18 composite?
True
Suppose q = 42 + 308. Suppose k + 97 = q. Is k prime?
False
Suppose 3*n - 4*n = -81. Suppose 21 = 5*l - 4. Suppose -l*r = -m + 5 + 9, -4*m - 5*r + n = 0. Is m composite?
False
Suppose i - 8 = -2. Suppose -i = -2*f + 4*f. Let l(o) = -3*o**3 + o**2 + 3*o + 2. Is l(f) a composite number?
False
Is (-10)/(-15)*(-471)/(-2) composite?
False
Suppose 659 = 5*j + 24. Is j composite?
False
Let r(j) = 19*j**2 + 6*j + 0 + 7*j**3 - 1 - 15*j**2. Is r(4) a prime number?
False
Let b be 20*1 + (2 - 1). Let w = b - 7. Is w a composite number?
True
Let x(a) be the third derivative of -a**5/60 - a**4/6 + 2*a**2. Let v be x(-4). Is 2 - v - (-2 + 0) a composite number?
True
Suppose -3*q - 1 = 2, -3*u + 5*q + 164 = 0. Is u a prime number?
True
Let w be (-1)/(-3) - (-20)/(-15). Let j = 3 + w. Suppose -3*c = 2*c - j*x - 378, 0 = 3*c + 3*x - 210. Is c composite?
True
Let n = 5 - 2. Suppose -n*z = 126 + 69. Let a = z - -124. Is a a composite number?
False
Let z = -1875 - -2816. Is z prime?
True
Let y(v) = 8*v - 2. Suppose 0 = x - 4*m + 14, -2*x - 2*m + 25 = 3. Is y(x) a composite number?
True
Suppose r = -5*z + 6 + 4, -z + 4*r + 23 = 0. Suppose -226 = 4*j - g, -z*j - 97 = 4*g + 63. Let w = 93 + j. Is w composite?
False
Let i be (-32)/12 - 2/(-3). Let a be ((-908)/(-1))/((-4)/i). Suppose -d + 888 = 3*d + f, -2*f - a = -2*d. Is d prime?
True
Let k(q) be the third derivative of -q**5/30 - q**3 + 3*q**2. Let u be k(7). Let r = u + 193. Is r a composite number?
False
Suppose t = 126 + 125. Is t prime?
True
Let w be (3 + 11/(-3))*6. Let f(u) = -6*u - 14. Is f(w) a composite number?
True
Let k = 5 - 9. Is 2853/18 - (-6)/k prime?
True
Let z(c) = c**2 + 11*c - 13. Is z(-15) prime?
True
Is 10*(-141)/(-6) + -2 prime?
True
Is (2/5)/(3/555) a composite number?
True
Suppose -u - 2*u + 4*a = 118, 2*a - 154 = 4*u. Let o be (1/(-2))/((-2)/(-4)). Let v = o - u. Is v prime?
True
Let v(i) = 3 - 3*i - 6*i + 3*i - i**2 + 1. Let t be v(-4). Suppose -2*g + 3*b + 320 = 0, -t = 5*b - 2. Is g a prime number?
True
Let q be (-1 + 2)*-2 + 26. Suppose -3*t + q = -33. Is t composite?
False
Suppose 5*x = 4*s - 952, 5*s - 4*x - 1149 = -8*x. Is s prime?
True
Is (-1314)/(-5) - 1/(-5) prime?
True
Is (2/(-3))/(2/(-2949)) prime?
True
Suppose -3*w + 10 = 2*w, k + 3*w - 260 = 0. Is k a prime number?
False
Let o(x) = 9*x - 10*x - 2 - 4. Let c be o(0). Is (43 - (c + 3))/2 a prime number?
True
Let p be (0 + 2)/2 - 0. Let s be (p - 0)/((-4)/(-168)). Suppose 5*i - s = -3*t, -4*i + 20 = -3*t + 89. Is t a prime number?
True
Is (-94905)/(-108) - (-2)/8 a prime number?
False
Let x = 30 - 25. Suppose -203 = 2*r - 3*r - x*v, -3*r = -5*v - 609. Is r a composite number?
True
Let u(w) = 71*w + 3. Let s be u(5). Let h(v) = s + 5 + 210 + v - 64 + v**2. Is h(0) a prime number?
True
Suppose -282 = i - 2*i. Suppose -3*r - i + 972 = 0. Let x = r - 156. Is x a prime number?
False
Suppose 3*g + 27 = 3*x, 5*x - 60 + 19 = g. Suppose -3*f = -x*f + 890. Suppose -52 = 2*r - 5*u - f, -102 = -2*r - u. Is r a composite number?
False
Let y = -10 + 6. Let q(n) = -7*n - 6. Is q(y) composite?
True
Let p(h) = -h**3 + 4*h**2 - 2*h - 1. Let r be p(3). Let v(q) = 5*q. Let s(w) = 5*w - 1. Let d(b) = 3*s(b) - 2*v(b). Is d(r) a prim